1057191?
9
What is the millions digit of 4576652?
4
What is the hundred thousands digit of 3114409?
1
What is the tens digit of 161019?
1
What is the thousands digit of 2129877?
9
What is the units digit of 1781116?
6
What is the hundred thousands digit of 3304505?
3
What is the ten thousands digit of 3677616?
7
What is the tens digit of 1400502?
0
What is the millions digit of 11590262?
1
What is the hundreds digit of 4736345?
3
What is the thousands digit of 2618143?
8
What is the tens digit of 2081123?
2
What is the tens digit of 1125683?
8
What is the thousands digit of 1234664?
4
What is the units digit of 5047876?
6
What is the ten thousands digit of 378384?
7
What is the tens digit of 114641?
4
What is the ten thousands digit of 1663082?
6
What is the units digit of 667723?
3
What is the units digit of 3308769?
9
What is the hundreds digit of 106019?
0
What is the tens digit of 27414?
1
What is the units digit of 552377?
7
What is the tens digit of 247324?
2
What is the units digit of 469968?
8
What is the units digit of 3075819?
9
What is the ten thousands digit of 2230389?
3
What is the thousands digit of 2436504?
6
What is the ten thousands digit of 109752?
0
What is the hundreds digit of 7981539?
5
What is the ten thousands digit of 606432?
0
What is the tens digit of 662122?
2
What is the ten millions digit of 34926663?
3
What is the hundreds digit of 7208176?
1
What is the tens digit of 6351288?
8
What is the units digit of 21209069?
9
What is the tens digit of 10609691?
9
What is the tens digit of 6031799?
9
What is the tens digit of 15348631?
3
What is the thousands digit of 773477?
3
What is the units digit of 4802913?
3
What is the hundred thousands digit of 523423?
5
What is the millions digit of 2025642?
2
What is the hundred thousands digit of 299864?
2
What is the tens digit of 255510?
1
What is the hundred thousands digit of 3004752?
0
What is the thousands digit of 177033?
7
What is the thousands digit of 189729?
9
What is the millions digit of 13902072?
3
What is the hundred thousands digit of 137360?
1
What is the hundreds digit of 235338?
3
What is the hundred thousands digit of 393185?
3
What is the ten thousands digit of 370384?
7
What is the ten thousands digit of 654970?
5
What is the hundred thousands digit of 350493?
3
What is the thousands digit of 3946841?
6
What is the hundred thousands digit of 19200682?
2
What is the tens digit of 107177?
7
What is the thousands digit of 193937?
3
What is the hundred thousands digit of 6101593?
1
What is the ten thousands digit of 1961127?
6
What is the hundreds digit of 28331477?
4
What is the tens digit of 8384760?
6
What is the ten thousands digit of 20985?
2
What is the thousands digit of 30708325?
8
What is the ten thousands digit of 258853?
5
What is the hundreds digit of 1789370?
3
What is the ten thousands digit of 391560?
9
What is the millions digit of 16334761?
6
What is the tens digit of 99314?
1
What is the units digit of 20079750?
0
What is the hundred thousands digit of 14627852?
6
What is the units digit of 9516150?
0
What is the thousands digit of 3727655?
7
What is the units digit of 187900?
0
What is the units digit of 679746?
6
What is the units digit of 448864?
4
What is the units digit of 382321?
1
What is the ten millions digit of 22002227?
2
What is the hundred thousands digit of 656235?
6
What is the ten thousands digit of 78388?
7
What is the units digit of 1753405?
5
What is the tens digit of 203110?
1
What is the hundred thousands digit of 16723096?
7
What is the thousands digit of 7917644?
7
What is the hundred thousands digit of 621402?
6
What is the units digit of 336550?
0
What is the thousands digit of 1784613?
4
What is the hundred thousands digit of 507362?
5
What is the tens digit of 219938?
3
What is the units digit of 314900?
0
What is the ten thousands digit of 233781?
3
What is the thousands digit of 6918560?
8
What is the hundred thousands digit of 1256968?
2
What is the hundreds digit of 187369?
3
What is the hundreds digit of 2391919?
9
What is the millions digit of 1051485?
1
What is the units digit of 37904825?
5
What is the hundred thousands digit of 8108544?
1
What is the units digit of 305275?
5
What is the ten thousands digit of 3588038?
8
What is the ten thousands digit of 250209?
5
What is the hundred thousands digit of 3880629?
8
What is the thousands digit of 2087177?
7
What is the ten thousands digit of 20248?
2
What is the units digit of 488991?
1
What is the hundreds digit of 167857?
8
What is the hundred thousands digit of 3044653?
0
What is the ten thousands digit of 7871496?
7
What is the hundreds digit of 3387374?
3
What is the ten thousands digit of 1183698?
8
What is the hundred thousands digit of 1333483?
3
What is the hundreds digit of 1079581?
5
What is the ten thousands digit of 448432?
4
What is the thousands digit of 373378?
3
What is the hundred thousands digit of 3134067?
1
What is the ten millions digit of 14400530?
1
What is the units digit of 4361661?
1
What is the tens digit of 14083?
8
What is the thousands digit of 8621922?
1
What is the hundred thousands digit of 936284?
9
What is the hundreds digit of 286707?
7
What is the tens digit of 3602099?
9
What is the tens digit of 5159977?
7
What is the thousands digit of 821234?
1
What is the ten millions digit of 18323777?
1
What is the millions digit of 11790989?
1
What is the tens digit of 7085774?
7
What is the tens digit of 2127643?
4
What is the units digit of 298556?
6
What is the units digit of 832822?
2
What is the thousands digit of 3316848?
6
What is the hundreds digit of 302209?
2
What is the tens digit of 98096?
9
What is the hundreds digit of 37009?
0
What is the units digit of 834526?
6
What is the tens digit of 163473?
7
What is the ten thousands digit of 106896?
0
What is the millions digit of 11387050?
1
What is the ten thousands digit of 9074297?
7
What is the hundreds digit of 247612?
6
What is the tens digit of 20914742?
4
What is the units digit of 51297?
7
What is the units digit of 1824926?
6
What is the ten thousands digit of 11995404?
9
What is the hundreds digit of 23499?
4
What is the ten thousands digit of 98279?
9
What is the millions digit of 1263537?
1
What is the hundred thousands digit of 1101425?
1
What is the hundreds digit of 191920?
9
What is the ten thousands digit of 1249827?
4
What is the units digit of 752226?
6
What is the units digit of 2641882?
2
What is the units digit of 9683827?
7
What is the tens digit of 329938?
3
What is the tens digit of 5133196?
9
What is the ten thousands digit of 967327?
6
What is the units digit of 9590?
0
What is the units digit of 10381211?
1
What is the tens digit of 6967802?
0
What is the units digit of 4162824?
4
What is the tens digit of 78323?
2
What is the units digit of 79109?
9
What is the ten thousands digit of 36469?
3
What is the thousands digit of 169436?
9
What is the ten thousands digit of 816299?
1
What is the hundreds digit of 4224273?
2
What is the tens digit of 243977?
7
What is the tens digit of 639249?
4
What is the thousands digit of 422868?
2
What is the millions digit of 9846507?
9
What is the hundreds digit of 874486?
4
What is the millions digit of 5616082?
5
What is the tens digit of 15845?
4
What is the thousands digit of 147633?
7
What is the ten thousands digit of 4660702?
6
What is the units digit of 474773?
3
What is the hundreds digit of 1468344?
3
What is the thousands digit of 7075332?
5
What is the ten thousands digit of 22086?
2
What is the tens digit of 2942174?
7
What is the ten thousands digit of 808154?
0
What is the thousands digit of 167362?
7
What is the millions digit of 1007770?
1
What is the thousands digit of 9879958?
9
What is the tens digit of 15407271?
7
What is the hundreds digit of 2885575?
5
What is the hundreds digit of 209573?
5
What is the hundreds digit of 3654685?
6
What is the thousands digit of 1014058?
4
What is the hundreds digit of 597581?
5
What is the thousands digit of 15358?
5
What is the hundred thousands digit of 444388?
4
What is the thousands digit of 459306?
9
What is the hundred thousands digit of 3728215?
7
What is the tens digit of 2088834?
3
What is the hundreds digit of 533166?
1
What is the units di